*h = -25*h + 470. List the prime factors of h.
47
Let t be (-16)/36*(-63)/14. Suppose -4*h - 22 = -t*l, 2*l = l - 2*h + 15. What are the prime factors of l?
13
Suppose -934 = -2*s - i, -4*i = 2*s - 2*i - 934. Let v = -306 + s. List the prime factors of v.
7, 23
Suppose j - 2*r - 28328 = 0, -2*r + 37 = 39. List the prime factors of j.
2, 3, 4721
Let r be -3 - (4 - 2 - 1). Let z(n) = -3*n - 10. Let k be z(r). Suppose -k*l - 483 = -9*l. List the prime factors of l.
3, 23
Suppose 4*v - 10 = -6, 2*i + 5*v + 2921 = 0. Let a = i + 2738. List the prime factors of a.
3, 5, 17
Let m(i) = -985*i - 1247. List the prime factors of m(-3).
2, 7, 61
List the prime factors of ((-34)/136)/(2/8) + -2 - -15729.
2, 3, 2621
Suppose 17900 = -36*g + 46*g. Let y = 2625 - g. List the prime factors of y.
5, 167
Let y = -8280 + 56796. What are the prime factors of y?
2, 3, 13, 311
Let m(x) = x**3 + 2*x - 67. List the prime factors of m(10).
953
What are the prime factors of (-16)/(192/(-132660)) + 11?
2, 11, 503
Let i(z) be the third derivative of 625*z**4/24 + 5*z**3/2 - 44*z**2 - z. List the prime factors of i(1).
2, 5
Let y be (-18)/(-9)*(1 + -3). What are the prime factors of (-157 + -9)/((-1)/((-6)/y))?
3, 83
Let u(t) = -t + 13. Let r be u(9). Suppose -f - 4*o = -15, -3*f + f = r*o - 30. Suppose 3*j + 3*m = f, 3*m - 2*m = 4*j - 15. What are the prime factors of j?
2
Suppose 0 = 40*v - 216 + 16. Let i(n) = 82*n + 65. List the prime factors of i(v).
5, 19
Let r be (4*5/30)/(2/(-34530)). List the prime factors of r/(-45) - (-2)/9.
2
Let v = -50 + 50. Suppose -2 + 9 = 3*y - 2*d, y - 2*d - 1 = v. Suppose -7*p + y*p + 140 = 0. List the prime factors of p.
5, 7
Suppose -4*y - 3*w + 27 = -2*y, 0 = -3*y - 2*w + 33. Let m(b) = 45 - 44 + 3*b - b + b**2 - y*b**3. List the prime factors of m(-1).
3
What are the prime factors of (-2372250)/(-1375) - -1*(3 + (-72)/22)?
3, 5, 23
Suppose 5*k + 3257 = -4*i + 90895, -3*i + 5*k + 65676 = 0. What are the prime factors of i?
2, 47, 233
Let d(t) = 5*t - 5. Let r be d(3). Suppose 3996 = -z + r*z. Suppose 0 = 5*v + 2*s - z, -v + 86 = -0*v - s. What are the prime factors of v?
2, 11
Let b(y) = -29*y**3 - 12*y**2 - 45*y - 31. What are the prime factors of b(-7)?
9643
Suppose -352*s - 8096 = -3*f - 353*s, -3*f = 5*s - 8080. What are the prime factors of f?
2, 3, 5
Let u(a) = 116*a - 154. What are the prime factors of u(13)?
2, 677
Suppose 4*f + 2390 = c, -57*f + 55*f + 9524 = 4*c. What are the prime factors of c?
2, 3, 397
Suppose 14*a = -9 + 65. Suppose -31 = a*s + 33. List the prime factors of (-24)/s - (-858)/4.
2, 3
Let i be (-3)/6*-4 - (13 + -16). Suppose 5*t - i*w + 9*w = 3726, 2*w = -2. List the prime factors of t.
2, 373
Let d = 1814 + -1264. Let r = 784 - d. List the prime factors of r.
2, 3, 13
Suppose -5*k - 4*k = -5004. Suppose k = 3*a - 428. What are the prime factors of a?
2, 41
Suppose -4*b + 12 = 0, -5*n + 52921 = -67*b + 64*b. What are the prime factors of n?
2, 67, 79
Suppose -q - 6*g + 17 = -g, 0 = 2*q + 4*g - 22. Suppose -2*c = -q*c + 4550. What are the prime factors of c?
2, 5, 7, 13
Suppose u - 2*r + 3 - 11 = 0, 0 = 3*u - 2*r - 16. Suppose 0 = u*z + 5*y - 1445, -3*z + 549 = 3*y - 537. What are the prime factors of z?
5, 73
Let q = 1521 + -772. Suppose 15*a + q = 3524. What are the prime factors of a?
5, 37
Let g = -528 - -655. Suppose 0 = g*w - 110*w - 16592. List the prime factors of w.
2, 61
Let l(v) = v**2 + 3*v + 294. Let q be 5 + (-2 + (-3)/6)*2. What are the prime factors of l(q)?
2, 3, 7
Let n(y) be the second derivative of 103*y**3/3 - 22*y**2 + 77*y. What are the prime factors of n(3)?
2, 7, 41
Suppose 5*u + 5*m = 4*u - 15, 0 = 3*u - 5*m - 15. Suppose 2*n + 10 = u, f - 2*n = -0*f + 624. What are the prime factors of f?
2, 307
Suppose -2*o - 2994 = -3*h + 1823, -4*h + o = -6431. List the prime factors of h.
1609
Let j = 64 + -59. Suppose 3*t + 243 = -j*u, 0*u = 2*t + 2*u + 166. Let c = t + 181. What are the prime factors of c?
5, 19
Let a(w) = 4*w**2 + 42*w + 8. Let x be a(-15). Suppose 5*p + 4*y - x = 0, -p + 5*p - 214 = y. What are the prime factors of p?
2, 3
Let n be (0 + -5)*(-7)/35. List the prime factors of 42 - -475 - (0 + 0)/n.
11, 47
Let w = 547 + 411. List the prime factors of w.
2, 479
Let b be ((-30)/(-12))/(-1*(-2)/4). Suppose 2*x = -b*m + 828, 2*x - 238 = 5*m + 550. What are the prime factors of x?
2, 101
Let p be (4/(-10))/1 - (-15)/(-25). Let b be -5 + (-5 + 699 - p). Suppose -b = -5*y - 35. What are the prime factors of y?
131
Let x be -4*(3/(-12) + (-132)/16). Let r = -36 + x. What are the prime factors of 4/8*22 - r?
13
Let x(o) = o**3 + 2*o**2 - o + 3. Let t be x(0). Suppose 500 - 62 = t*u. What are the prime factors of u?
2, 73
List the prime factors of 7244*(-2 - (-4)/4 - (4 - 7)).
2, 1811
Suppose -v = -5*v - 2*g + 3206, -2*g = -3*v + 2394. Suppose -4*h = -b - 0*b + v, 3890 = 5*b + 2*h. What are the prime factors of b?
2, 3, 5, 13
Let u(j) = j**3 - 11*j**2 + 10*j - 1. Suppose 0 = -4*o - f + 42, -40 = -3*o - 5*f - 0*f. Let t be u(o). List the prime factors of t/(-5) + 1340/50.
3
Let x(b) = -31*b + 76. Let v be x(-9). Suppose -12*l + v = -7*l. Suppose -6*q - l = -407. What are the prime factors of q?
2, 7
Suppose 48 = y + 7*y. List the prime factors of (-2 + 21/y)/((-10)/(-5340)).
3, 89
Suppose -9668*t - 62509 = -9685*t. What are the prime factors of t?
3677
Suppose 6*g - 38 = 2*k + 3*g, -k - 21 = -g. Let d = 30 + k. Suppose -d*u + u = -632. List the prime factors of u.
2, 79
Let a(i) = -1019*i - 863. What are the prime factors of a(-8)?
37, 197
Let h(i) = -70*i + 478. Let d be h(9). Let j = -52 + 301. Let p = j + d. List the prime factors of p.
97
What are the prime factors of (-26)/((7 + -18)/3300*1)?
2, 3, 5, 13
Let t = 3 - 5. Let s(f) = 21*f**2 + 3*f + 1. Let g(i) = -3*i**2 - i. Let c(q) = 3*g(q) + s(q). What are the prime factors of c(t)?
7
Let k(n) = 191*n - 6. Let c be k(2). Suppose -o + r = -87, 3*o - 2*r + 116 = c. Let u = o + -77. List the prime factors of u.
3
Let c = 10254 - 343. What are the prime factors of c?
11, 17, 53
Let n be (-460)/5*1 + -2 + 5. Let x = -69 - n. List the prime factors of ((-56)/x)/(1/(-20)).
2, 7
Suppose -1040*p = -1056*p + 69376. What are the prime factors of p?
2, 271
Let f be 21 + -151 + (-6)/(-6). Let d = -277 - -52. Let s = f - d. List the prime factors of s.
2, 3
Suppose 11746 = -x + 15*x. Suppose -2*j = 2*p - 1678, -p + 0*j + 2*j + x = 0. List the prime factors of p.
839
Let o(l) = -76*l**3 + 8*l**2 + 31*l + 15. What are the prime factors of o(-3)?
2, 3, 11, 31
Let o(b) be the first derivative of b**2/2 + 11*b - 12. Let y be o(-6). Suppose -10 = -y*v, -3*v + 255 = 2*i + i. What are the prime factors of i?
83
Suppose -p - 4*t - 983 = 0, -9*p - 2*t = -6*p + 2999. What are the prime factors of (-9)/6 - (-4 - p/(-2))?
2, 3, 7
Suppose -3*o - 32 + 434 = 0. Suppose 0 = j + 70 - o. List the prime factors of j.
2
Suppose -3*r = -3*y + 1260, 5*y - 6*r + 10*r - 2136 = 0. List the prime factors of y.
2, 53
Let v = -261 - -265. Let t be ((-6)/15)/(4/(-20)). Suppose 824 = v*u + 4*z, t*z + 487 = 4*u - 325. What are the prime factors of u?
2, 3, 17
Let f(x) = 3*x**3 - 13*x**2 + 3*x + 2. Let s = 117 + -109. Let i be f(s). Suppose -4*n - 3*p = -9*n + i, -2*n - 5*p + 261 = 0. What are the prime factors of n?
11, 13
Let n(v) = 10*v - 32. Let f(g) = -g + 1. Let q(r) = 6*f(r) + n(r). Let u be q(18). Let m = u - -34. What are the prime factors of m?
2, 5
Let w(c) = 3219*c - 870. List the prime factors of w(6).
2, 3, 29, 53
Let x(d) = -2*d**3 - 13*d**2 + 9*d + 17. Let h be x(-7). Suppose h*b = 4*p + 108 + 879, 4*b - 1316 = p. List the prime factors of b.
7, 47
Suppose -28*u - 1353 = -8*u + 13*u. Let x be 54/8 + (-1)/(-4). List the prime factors of 3 - x - -1 - u.
2, 19
Let v(s) = -6*s - 124. Let q be v(-21). Suppose 3*u = h - 84, q*h - 2*u = -4*u + 168. List the prime factors of h.
2, 3, 7
Let o(u) = -6*u**2 + 29 - 8*u - 38 - 3*u**2 - 6*u**3 + 4*u**2. List the prime factors of o(-3).
2, 3, 11
Let i(h) = 7*h - 36. Let c be i(8). Let x(g) = 21*g + 104. What are the prime factors of x(c)?
2, 131
Let g = -121 + 66. Let k = g - -59. Suppose -k*d = -5*s - 359, 3*s - 433 = -5*d + 4*s. List the prime factors of d.
2, 43
Let c be (9 - 597)/(-3) + 1. Let s = c - -1220. What are t